 the units digit of h(1)?
9
Suppose 2760*q = 2766*q - 64110. What is the thousands digit of q?
0
Suppose -42*z - 4*z + 5*z = -112627. What is the units digit of z?
7
Suppose 0 = -4*l + 8, 3*l = 142*x - 140*x - 12702. What is the tens digit of x?
5
Let u be (-3)/(-6)*(16/(-8) - -6). Suppose a = -u*a - 5*j + 577, j = a - 195. What is the units digit of a?
4
Let o(v) = 7*v + 25. Let y(d) = 6*d - 21. Let k be y(16). Let a = -60 + k. What is the hundreds digit of o(a)?
1
Let m = 46 - 42. Let h(l) = l**3 - 5*l**2 + 5*l - 4. Let j be h(m). What is the units digit of (j - 52/(-5))/((-2)/(-20))?
4
What is the tens digit of 77/7 - (-8 + -26989)?
0
Let c(f) = -59*f**3 - 46*f**2 - 362*f - 20. What is the tens digit of c(-8)?
4
Suppose 7*j - 2*j = -225. Let q be j/90*(14/(-2) - -1). Suppose 194 = -z + q*z. What is the units digit of z?
7
Suppose -8*c - 364252 = -36*c. Suppose c = 19*b - 1868. What is the tens digit of b?
8
Suppose 9*b = -2 + 29. Suppose g + b*x - 21 - 59 = 0, 5*g = x + 432. What is the tens digit of g?
8
Let m(a) = 4039*a + 4324. What is the ten thousands digit of m(6)?
2
Suppose 15*s = 8*s + 91. Suppose 45 = -s*p + 370. What is the units digit of p?
5
Let z(u) = 2395*u**3 - 4*u**2 + u + 2. What is the hundreds digit of z(1)?
3
Let w be (-21)/(-42) - 34/4. Let d(o) = -56*o + 18. What is the tens digit of d(w)?
6
Suppose -81 = 6*m - 69, 4*a - 8186 = -5*m. What is the tens digit of a?
4
Suppose 22*i + 4*j - 173 = 19*i, 296 = 5*i - j. Let t = i - -275. What is the units digit of t?
4
Let d be ((-1684)/(-8))/((-1)/(-2)). Let g = -178 + d. Suppose 5*j + 4*i - 3*i = 397, i = 3*j - g. What is the tens digit of j?
8
What is the tens digit of (-111058)/3*72/(-48) + (10 - 2)?
3
Let y be (-51)/(-15) - (-14)/(-35). Suppose 689 = 3*f - 5*z, -f + z + 248 = y*z. What is the hundreds digit of f?
2
Let z = 28880 + -366. What is the hundreds digit of z?
5
Let w(k) = -k**3 - 6*k**2 + 3*k + 5. Let z(m) = -m**2 + m + 1. Let o(r) = w(r) - z(r). Let p be o(-5). What is the tens digit of -15*(0 - (-14)/p)?
3
Suppose -251 = -5*d - 2*w, -3*w - 2*w - 163 = -3*d. What is the hundreds digit of (-6747)/(-17) + 6/d?
3
Suppose -143*f = -2649564 - 598109. What is the thousands digit of f?
2
Let v(j) = j**3 + 2*j**2 + 6*j + 5. Let y be v(-1). Suppose y = 73*z - 70*z - 1791. What is the hundreds digit of z?
5
Suppose 2*w - 3 = 5*w. Let i(l) be the first derivative of -21*l**4/4 - 2*l**3/3 - l**2 - l + 49. What is the tens digit of i(w)?
2
Suppose -33*g + 104963 + 153878 + 308396 = 0. What is the units digit of g?
9
Suppose 0 = -g + 5*z + 5 - 32, 18 = -4*g + 2*z. Let m = g + 314. What is the tens digit of m?
1
Let u(b) = -4*b**2 + 7*b - 87. Let t(g) = 3*g**2 - 8*g + 85. Let j(h) = -6*t(h) - 5*u(h). What is the units digit of j(-18)?
9
Let f be (-3 - -7)/(-2 - -4). Suppose 12 = -x - 4*x - 3*l, -8 = -5*x + f*l. Suppose x = -2*w, 0 = 4*d - 9*d - w + 610. What is the hundreds digit of d?
1
Let d = -2187 - -903. Let l = d + 1884. What is the hundreds digit of l?
6
Let g(r) = 2*r**2 + r - 2. Let q be g(-2). What is the units digit of 451/7 + (q - 186/42)?
4
Let r(j) = -123*j + 23. Let s(i) = 185*i - 35. Let o(c) = 7*r(c) + 5*s(c). Let b be o(10). Suppose 5*t - 99 = b. What is the tens digit of t?
4
Let j(u) be the second derivative of -1/2*u**3 - 20*u + 0 + 19/2*u**2. What is the tens digit of j(-20)?
7
Let b(x) = -x**3 - 5*x**2 + 8*x + 4. Let w be b(-6). Let j(f) = 961*f - 7*f**2 - 958*f + 19 + 0*f**2 - f**3 - 1. What is the tens digit of j(w)?
5
Suppose 269*j = 278*j - 4887. Suppose -c - 58 = -f, -5*f + 2*c + 126 = -179. Suppose 0 = -6*a - f + j. What is the units digit of a?
0
What is the hundreds digit of 14/70 + 2/(-10) + 824?
8
Suppose 3 - 8 = -l + 4*q, -2*q = l - 5. Suppose 0 = 7*p - l*p + 12. What is the tens digit of (-4)/p*((-1638)/(-12) + -3)?
8
Suppose 4*q = 6641 + 1411. What is the units digit of q?
3
Suppose -u - 3*r = u - 744, 5*u + 3*r = 1878. Let t = u - -603. What is the tens digit of t?
8
Let b = 237 - 151. Let p = 259 - b. Let x = -69 + p. What is the hundreds digit of x?
1
Let n(y) = 2*y**2 + 2. Let d be n(8). Suppose -4*u + 17 - 109 = -k, 5*k - d = 5*u. Let j = u - -118. What is the units digit of j?
6
Let z = 1654 - 1102. Let j be (z/(-9))/((-2)/24*2). Suppose 0*a = 4*a - j. What is the units digit of a?
2
Let k = 10564 - 687. What is the hundreds digit of k?
8
What is the thousands digit of 21456*(-9)/126*-7?
0
Suppose w - 5*w - 2*n + 20 = 0, w + 5*n = 23. Suppose 2*x = -l + 89, -3 + 18 = -w*x. What is the units digit of l?
9
Let s = -3 - -7. Suppose -3*b - 2534 = -s*t, -7 = 4*b + 1. What is the tens digit of t?
3
Let y(g) = 17*g**2 - g - 36. Let j(d) = 2*d**2 - 13*d + 11. Let b be j(6). What is the hundreds digit of y(b)?
3
Let z(h) be the first derivative of -75*h**2/2 - 56*h + 104. What is the hundreds digit of z(-4)?
2
Suppose 5*v = -x + 59659, -2*x = -2*v - 139499 + 20109. What is the hundreds digit of x?
6
Suppose 25*p - 27*p + 10 = 0. Suppose -4*o = -a + 330, 3*a = -p*o + 263 + 710. What is the units digit of a?
6
Let h be ((-1638)/27)/(-14)*52*-27. What is the units digit of (-25)/(150/h) + -6 + 1?
9
What is the thousands digit of 3/(-2) - 650608/(-32)?
0
Let t(n) = n**2 + 5*n - 2. Let s be t(0). Let y be 8/10*((-13)/s - -1). Let r(c) = c**3 - c**2 - 13*c + 1. What is the tens digit of r(y)?
0
Let j(g) be the first derivative of -g**2/2 + 4*g + 21. Let m be j(-1). What is the hundreds digit of (715/25 + -3)*m?
1
Suppose -7*z = 3*z - 3250. Suppose -o - 920 = 3*o. Let r = z + o. What is the tens digit of r?
9
What is the hundreds digit of -43*(2 + -146) - (-156)/(-26)?
1
Let i = 4758 - -2856. What is the hundreds digit of i?
6
Let o be 1*((-3)/(-1) + 2191). Suppose 14*r - 1320 = o. What is the units digit of r?
1
Suppose -10*q + 15260 + 46820 = 0. What is the units digit of q?
8
Let h(m) = -98*m + 115. Let r(l) = 9*l + 167. Let o be r(-19). What is the hundreds digit of h(o)?
5
Let m = 5 + 6. Let v(n) = -n**2 + 22*n - 23. Let l be v(m). Suppose -l - 24 = -i. What is the hundreds digit of i?
1
Let b(p) = 192*p + 134. Let v be b(-9). Let a = v - -2332. What is the units digit of a?
8
Suppose 0 = -2*h - 2, l - 3*l + 2*h + 9522 = 0. What is the thousands digit of l?
4
Suppose -37*q + 36 = -q. Let k(h) = 158*h**2 + 2*h - 4*h + h. What is the units digit of k(q)?
7
Let f = -38730 + 58155. Suppose -1965 = -5*n - f. What is the units digit of (-3)/15 - (n/(-15))/(-4)?
8
Suppose -167*r + 163*r + 988 = 0. Suppose 246*u + 272 = r*u. What is the tens digit of u?
7
Let t = -45 - -61. Let w = t - 6. What is the tens digit of 200*(-3 + 34/w)?
8
Let p be ((-14)/21)/(-2) - (-68)/3. Suppose p*h - 18*h + 35 = 0. Let u(i) = 2*i**2 - 6*i + 2. What is the hundreds digit of u(h)?
1
Let t = 70 - 20. Let m = t - 47. Suppose 5*l - 162 = v - 2*v, -3*v + 426 = m*l. What is the units digit of v?
7
Let p be -1 + 6 + 15/5. Suppose -q = 2*o + 3*o - 10, -5*q - p = -4*o. Suppose 69 = o*d - 5*v, -42 = -4*d + 4*v + 90. What is the tens digit of d?
3
Let y be (-2)/(-7 + 4 - -2). Suppose y*a = -2*a, -a = 5*d - 220. What is the tens digit of d/2*4/((-40)/(-5))?
1
Let t = -191 + 192. Let i(j) = 109*j**3 - j**2 + 3*j - 3. What is the hundreds digit of i(t)?
1
Suppose -17*i - 4*t + 544 = -18*i, 1053 = -2*i + t. Let r = 748 - i. What is the tens digit of r?
7
Let y be 42/30 + -2 - 28/(-5). Suppose 10057 + 4703 = -y*o. What is the tens digit of ((-2)/3)/(4/(o/6))?
8
Let c = 13827 + -9785. What is the tens digit of c?
4
Let x = 203 + -198. Suppose -3*r = x*v - 3870, -v = -2*v + 4*r + 774. What is the tens digit of v?
7
Suppose 46184 = 222*l - 218*l. What is the ten thousands digit of l?
1
Let d(m) = -4*m - 3. Suppose 0 + 0 = -10*v. Let u be (1 - v)/(1 - (-12)/(-10)). What is the units digit of d(u)?
7
Let j be -16*((-35)/(-28))/(-5). Suppose -4*g + 5495 = 3*c, j*c = -4*g + 8*c + 5460. What is the units digit of g?
0
Let v(q) = 5*q**3 + q**2 + 23*q - 133. What is the thousands digit of v(8)?
2
Suppose 18*b - 168420 - 117386 = -42104. What is the ten thousands digit of b?
1
Suppose -2*i = -4*a - 3338, -4*a - i = -0*i + 3335. Let x = a - -1238. Suppose 5*c - 2*h - 519 = 0, -2*c - 2*c + x = 4*h. What is the tens digit of c?
0
Suppose -18*f + 23*f = 5355. Let s = -636 + f. What is the tens digit